
Suppose t - 5*m + 73 = 151, -5*t + 2*m + 482 = 0. Calculate the highest common divisor of 476 and t.
14
Let h = 68 - 48. Suppose -434 = -2*k - 2*q, 5*q - 865 = -4*k - 0*q. What is the highest common factor of k and h?
20
Let c be 1/2 - 86/(-4). Let h be ((-11)/c)/((-2)/156). Let v = 15 - 2. What is the highest common factor of h and v?
13
Let l = 15 + -11. Let k = l - -3. Let p be ((-392)/35)/(-2*(-3)/(-30)). Calculate the highest common divisor of p and k.
7
Let u(y) = -y + 50. Let k = -64 + 79. Let b be u(k). Calculate the greatest common factor of 7 and b.
7
Suppose -18*b - 2*b = -6400. What is the greatest common factor of 5 and b?
5
Suppose -c + 4*c + 4*i - 35 = 0, 3*c = 3*i. Calculate the greatest common divisor of 125 and c.
5
Suppose k = 2*o - 11, 4*o + 5*k = 2*k - 3. Let a = -6230 + 6231. What is the highest common divisor of a and o?
1
Let i(j) = 9*j**2 + 14*j - 45. Let f be i(9). What is the highest common divisor of 10 and f?
10
Let s(l) = 5*l - 10. Let u be s(3). Let z(n) = -u*n - 2*n**2 + 18*n**3 + 6*n - n. Let t be z(2). Calculate the greatest common divisor of t and 17.
17
Let r(y) = -y**3 + 3*y - 4. Let p be (-6)/(-10) - (-26)/(-10). Let q be p - ((-3 - -6) + -1). Let h be r(q). Calculate the greatest common divisor of h and 120.
24
Let u(z) = z**3 + z**2 - 3*z - 1. Let x be u(2). What is the greatest common factor of 3 and x?
1
Let l(v) = -8*v - 10*v + 40 - 41 + 65*v. Let n be l(2). Suppose -2*f + 1 = -123. Calculate the greatest common divisor of n and f.
31
Let g be (-9)/12 + 15/4. Suppose -8*s + 675 = -g*s. Let w = 3 + 12. What is the highest common divisor of s and w?
15
Suppose 39 - 124 = -5*h - 3*r, -95 = -4*h + 3*r. Let g = 41 - 31. What is the highest common divisor of h and g?
10
Suppose -g = j - 5*j + 107, 0 = 4*j - 5*g - 87. Calculate the greatest common factor of j and 7.
7
Let w be 6/(2/(0 - -2)). Let x be ((-63)/14)/(2/(-4)). Let b be (-8)/((-96)/x) + 10/8. Calculate the highest common divisor of w and b.
2
Suppose 2*l - 64 = -3*y + 21, 0 = 5*l - 3*y - 223. Suppose 3*o = -l - 1. Let b = o - -29. Calculate the highest common factor of 21 and b.
7
Suppose 51 + 21 = 4*i. Let l be (-14)/4 + 9/18. Let d be 1/((6/l)/(-396)). What is the highest common factor of d and i?
18
Suppose 0 = -f + u + 113, 2*u = 3*f + 5*u - 333. What is the greatest common divisor of 98 and f?
14
Let z(h) = -h**2 - 13 - 15 - 6*h + 34. Let t be z(-6). Calculate the greatest common factor of t and 30.
6
Let s(m) = -5*m - 10. Let k be s(-4). Let r be (-1 + 0)/((k/(-132))/5). Calculate the greatest common factor of 44 and r.
22
Let f be 7 + -8 - (-29 - 1). Let d = f - 3. What is the greatest common factor of d and 208?
26
Let a = 3755 + -2027. Calculate the greatest common divisor of a and 108.
108
Let l(o) = -16*o**3 - 2*o**2 - 3*o. Let a be 2 + (-2 - -3) - 5. Let j be l(a). Suppose 0 = 4*x - 50 - j. What is the highest common divisor of 11 and x?
11
Let x(j) = -j - 9. Let w be x(-13). Suppose 51 = w*f - f. Let d be (80/5)/4 + 47. What is the highest common factor of d and f?
17
Let k be 18/45 + 1223/5. Calculate the greatest common divisor of k and 35.
35
Suppose 3*f + 3 = 0, 4*u - 2*f = -0*u + 266. Suppose -3*g + 48 = 3*i - 18, 3*g - u = i. Calculate the greatest common divisor of g and 22.
22
Suppose 84 = -3*w - 4*x + 157, 0 = 2*x - 2. Calculate the greatest common divisor of w and 115.
23
Suppose -4*r = -8 - 0. Suppose -o + 6 = 5*t, r*o = 3*t - 0*o - 14. Suppose v = -x + 17, -t*x - 3*v + 35 = -2. What is the greatest common divisor of x and 2?
2
Suppose -10*l + 143 - 33 = 0. Suppose -5*w - 3 = -4*g - 74, 2*g = 2*w - 30. Calculate the greatest common divisor of l and w.
11
Suppose 2*l - 3 = 3. Suppose -l*s + 74 = -121. What is the highest common divisor of s and 13?
13
Let y = 16366 + -16359. Let q = 45 + -17. Let t be (q/(-6))/(2/(-33)). Calculate the greatest common divisor of t and y.
7
Suppose 42 = -20*v + 23*v. Suppose 0 = 3*c - 38 - 25. Let h = c + 0. Calculate the highest common factor of h and v.
7
Suppose b + 74 = 38*b. Let w be 1 + 0/(1/1). What is the highest common factor of b and w?
1
Let h be (1104/28)/(1*4/98). Calculate the highest common divisor of h and 42.
42
Let z be -1*6/(-2) + -3. Suppose 4*x - 3*d - 1719 = 0, 2*x = -z*x + 5*d + 863. What is the highest common factor of x and 39?
39
Let p = -40 + 37. Let u be (-1)/1 + 3 + -2. Let h = u - p. Calculate the greatest common factor of h and 9.
3
Suppose 738 = 7*p + 241. What is the highest common divisor of p and 1917?
71
Let o = 23 - 19. Let i be (-12)/((-22)/o + 4). What is the greatest common factor of i and 8?
8
Suppose 3*u + f - 123 = 5*f, -5*u + 234 = 3*f. Suppose -3*p - 2*b = 14 - u, p - 5*b = -18. What is the highest common divisor of 175 and p?
7
Let k = -614 - -1190. Calculate the greatest common factor of 54 and k.
18
Let g be (-4)/(5 - (-81)/(-15)). Let j = -176 - -266. Calculate the highest common divisor of j and g.
10
Let o = 7 - -2. Suppose o = -4*a + a. Let t be (-1)/(-2)*(a - -19). What is the greatest common divisor of t and 12?
4
Suppose -36*x = 23*x - 885. Suppose 0 = -2*w - 4*p + 26, 36 = 4*w + 3*p + p. Calculate the greatest common factor of x and w.
5
Suppose d = 3*d - 4*h - 92, -2*d = 5*h - 74. Calculate the greatest common divisor of d and 36.
6
Suppose 0 = -37*c + 17*c + 780. What is the greatest common factor of c and 3?
3
Let d be (-12)/(-30)*(-1 - 1 - 18). Let r = d + 22. What is the highest common factor of 21 and r?
7
Suppose -4*q = -0*q + n - 1432, 3*q - 1089 = 3*n. Suppose -3*p = -91 - q. Calculate the greatest common divisor of 100 and p.
50
Let i = -40 + 60. Let q(x) = 6 - x**2 - 10 + 0*x**2 - 12 - i*x. Let p be q(-19). What is the greatest common divisor of 21 and p?
3
Let l(q) = -3*q**2 - 95*q - 29. Let p be l(-31). Calculate the greatest common divisor of 11 and p.
11
Suppose 109*t = 93*t + 64. Calculate the highest common divisor of t and 17.
1
Suppose p - 2*u - 14 - 8 = 0, -5*u = p - 1. Let o(t) = 11*t**2 + 5*t + 2. Let q be o(3). Let g = 164 - q. What is the greatest common divisor of p and g?
16
Suppose -159 = -5*j + 2*j. Let k = j + -44. Calculate the greatest common factor of 36 and k.
9
Suppose 2*p = g + 6*p - 25, p = 2*g - 41. Suppose -24*z - g = -25*z. Suppose -22 = -2*x + 4*t, x - 6*x = -t - 37. What is the highest common divisor of x and z?
7
Let n be -8*(-15)/10 - -4. Suppose n = 62*v - 61*v. Calculate the greatest common factor of 16 and v.
16
Let x(i) = -9*i**2 - 13*i + 32. Let g be x(2). Let s be (9/g*-5)/(1/6). Let f be 71 - 1*2/(-2). Calculate the greatest common divisor of f and s.
9
Let z = 296 + -146. Suppose -4*g - 8 = 12, 3*n + 3*g - z = 0. Calculate the greatest common divisor of n and 22.
11
Let x = -617 + 681. What is the highest common factor of 3 and x?
1
Suppose -10*g + 1865 = -885. Calculate the greatest common divisor of 110 and g.
55
Let z(i) = 30*i - 188. Let w be z(22). What is the highest common factor of w and 16?
8
Let s(q) = -q**2 + 8*q - 15. Let g be s(9). Let u be g/5*200/(-12). What is the greatest common factor of 16 and u?
16
Let s be ((-486)/(-45) - 10)/(2/2655). Calculate the greatest common divisor of 18 and s.
18
Suppose -224 = -108*r + 104*r. Calculate the greatest common divisor of 42 and r.
14
Let j be 2/((-20)/(-110)) - 10. What is the greatest common divisor of j and 317?
1
Suppose 4*r - 5*r = 31. Let y = r - -40. What is the greatest common divisor of 9 and y?
9
Let l(q) = -q**3 + 5*q**2 + 2*q + 8. Let o(x) = -x + 2. Let y be o(-4). Let g be l(y). Let u = 32 + g. Calculate the highest common divisor of u and 24.
8
Let w = 51 + -27. Suppose -x + 8 = -5*b + w, b + 5*x = 24. Suppose -2*d = 3*h - 9, -3*h - h = -d + 32. Calculate the highest common factor of d and b.
4
Let l be ((1 - 1) + -1)*-19. Suppose 116*s = 8568 + 248. What is the greatest common factor of s and l?
19
Let f be ((-48)/6)/8*-4. Let d(o) = o - 2. Let q be d(0). Let g(j) = 2*j**2 - j. Let u be g(q). Calculate the greatest common divisor of u and f.
2
Let y(i) = i**2 + 17*i + 16. Let r be y(-23). What is the greatest common divisor of 231 and r?
77
Suppose 0 = 3*s - 2*s. Suppose -2*d - 16 = -6, s = 2*b - 2*d + 14. Let l be (-3)/b + (-9)/(-12). Calculate the highest common factor of 4 and l.
1
Let b be 2*(20/4 + 0). Su